te the greatest common divisor of u and 9.
9
Suppose -27*g + 21168 = 57*g. What is the greatest common divisor of g and 684?
36
Let h be 4/(-2 + (-48)/(-22)). Let m(y) = 7*y**2 - 24*y - 37 - y**3 + 22*y + 2*y**3. Let c be m(-6). Calculate the highest common factor of c and h.
11
Let a(c) = -c**2 + 12*c + 4. Let g be a(12). Suppose g*i = 5 + 7. Let m be i - (1 - 53/1). What is the greatest common factor of 22 and m?
11
Suppose 118*w - 115*w - 4*o - 1002 = 0, o = -5*w + 1647. Suppose 0 = -2*u - 2*b + 140, 5*b + 32 = 2*u - 80. Calculate the highest common factor of u and w.
66
Let k = 32 + 14. Let m = k + -12. What is the greatest common divisor of m and 51?
17
Let j be (2 - -2)*1 + -36. Let l be (-16)/(-12)*(-72)/j. Calculate the greatest common divisor of 27 and l.
3
Suppose -2*o - 4*y = -10, 12 = 3*o + y + 2*y. Let k be (44/(-8) + o)*-2. Let n = 24 - -1. Calculate the greatest common factor of k and n.
5
Let g(u) be the second derivative of u**4/12 + 5*u**3 + 31*u**2/2 + 4*u. Let l be g(-13). Let o = 531 + l. What is the greatest common divisor of o and 31?
31
Suppose -2*g + 8 = -4*i - 8, -4*g + i + 46 = 0. Suppose 2*n - 4*c = 24, -4*n - n = 2*c - 36. Calculate the highest common factor of g and n.
4
Let d(i) = 8*i**2 + 6*i + 15. Let z = -114 + 112. Let t be d(z). Calculate the highest common factor of 5 and t.
5
Suppose 7*z - 3*z - 32 = 0. Suppose -7*c = -3*s - 98, 15 + 13 = 2*c + 4*s. Calculate the greatest common divisor of z and c.
2
Let r = -18904 - -19037. Calculate the highest common divisor of 196 and r.
7
Let j(u) = -9*u**2 + 93*u + 2. Let q be j(11). Suppose 5*r + x + 142 = 0, -3*r - r - 108 = -2*x. Let y = r - q. What is the highest common divisor of 4 and y?
4
Let c = -22539 + 22571. Calculate the highest common factor of c and 4016.
16
Let r = 278 - 40. Suppose -12*d + 146 = -r. Let o = 126 + -46. What is the highest common divisor of o and d?
16
Let r(h) = -2*h**3 - 65*h**2 - 3*h + 42835. Let x be r(0). What is the greatest common factor of 65 and x?
65
Let m be ((-1 - -2) + -26)*-17. Suppose 21*s - 15*s - 301 = -151. Calculate the highest common factor of s and m.
25
Let y = -128 + 191. Let p = -126 - -177. Suppose -3*d - p = -4*k, -6*k + 50 = -k - d. What is the greatest common factor of k and y?
9
Let h be -357*(-11 - 134/(-14)). What is the greatest common divisor of h and 3162?
102
Let w = 34494 + -24302. Calculate the highest common factor of w and 98.
98
Suppose -79*j = -74*j - 105. Calculate the highest common factor of 2471 and j.
7
Let m be -4*16/32 - (-10 - -3)*1246. Calculate the greatest common factor of 160 and m.
80
Let z = 13 + -14. Let w be (-40)/((-4)/z + -6). Let r be (-5 - -1) + 5 - -219. What is the greatest common divisor of w and r?
20
Let d be (-8)/36 + 344/9. Let k = d + -29. Suppose 2*x + 73 - k = g, 0 = 4*g + x - 292. What is the greatest common divisor of 18 and g?
18
Let c = -613 + 625. Calculate the highest common factor of 4572 and c.
12
Let w(z) = -23*z - 27. Let f be w(-3). Let c = f + -42. Suppose -3*m + 108 = -c*v - 3*v, 2*v - 88 = -2*m. What is the highest common factor of 8 and m?
8
Let m = -170 - -222. Let s be m - 11/(22/8). What is the greatest common factor of 6 and s?
6
Suppose 18 = -s + 19 + 19. What is the greatest common divisor of s and 12340?
20
Suppose 48*o = 23096 - 6824. What is the greatest common factor of 3 and o?
3
Suppose 12*i + 2*l = 177016, -3*l - 29476 = -0*i - 2*i. What is the greatest common factor of 375 and i?
125
Suppose -3*i - 34 = -5*i. Let s = -172 - -359. Calculate the highest common factor of i and s.
17
Let n = -18 - -21. Suppose -2*o + 52 = n*x - 12, -x - o = -23. Suppose -x*r + 14*r = -456. What is the greatest common divisor of 285 and r?
57
Suppose 13*h - 24 = 9*h + 4*a, -12 = -2*h + 5*a. Let p be (9 - 12)*(-16)/h. What is the greatest common factor of 4 and p?
4
Let m be -5 + 2*(-2125)/(-10). Suppose m = 26*y - 16*y. Let a(n) = 21*n. Let p be a(1). Calculate the highest common factor of p and y.
21
Let o(j) = -j**2 - 20*j + 91. Let a be o(0). What is the highest common divisor of a and 208?
13
Let w = 155 + -154. Suppose 14*u = -146 + 580. What is the greatest common factor of u and w?
1
Suppose 2*j - 233 = -g, 4*g + 21 = 2*j - 187. Suppose 2*r = 6*r - 3*f - 75, -3*f + j = 5*r. Calculate the highest common factor of r and 147.
21
Let h = -521 + 541. Let s be h/190 + 14016/57 - 1. Calculate the greatest common factor of s and 7.
7
Suppose -8*c + 368 = -0*c. Suppose -3*x + 280 = c. What is the highest common divisor of 30 and x?
6
Let f be 4/18 - -86*(-7)/(-126). Suppose -93 = -2*c - 3*s, -4*c - f*s - 75 = -262. Calculate the greatest common divisor of 384 and c.
48
Let d = -8387 - -8413. What is the greatest common factor of d and 618?
2
Suppose -3*b = -0*b, 2*b - 416 = 67*n - 71*n. Calculate the highest common divisor of 3016 and n.
104
Let s = -14 + 33. Suppose 0 = -h + s - 5. Suppose h*r = 15*r - 8. What is the greatest common divisor of r and 32?
8
Suppose -3*p = 1 - 1. Suppose -9*h = -27 - p. Suppose 2*t - 3*r = 5 + 17, -h*t - 3*r = -3. Calculate the highest common factor of 55 and t.
5
Let q(g) = 200*g + 4904. Let d be q(-22). Calculate the greatest common factor of d and 3.
3
Let b = 24432 - -255. What is the greatest common divisor of b and 9?
9
Let v be 4*(-2 + (-105)/(-56))*2 - -778. What is the highest common factor of 1073 and v?
37
Suppose -1 + 47 = 2*l + 2*f, 0 = l - 2*f - 29. What is the greatest common divisor of l and 205?
5
Let y(h) be the third derivative of -191*h**4/24 - 3*h**3/2 - 73*h**2 - 2. Let f be y(-1). Calculate the highest common divisor of f and 26.
26
Suppose 75*m - 1373 = 8480 + 2822. What is the greatest common factor of m and 221?
13
Suppose 2*f - 5*z + 236 = 5*f, 305 = 4*f - 3*z. Let w be (4/(-4))/(4 + 145/(-35)). What is the greatest common divisor of f and w?
7
Suppose 182*d = 172*d + 30. What is the highest common factor of 57 and d?
3
Suppose 6*m + 18 = 0, 0 = -3*n - 19*m + 24*m + 1458. What is the highest common divisor of n and 2183?
37
Suppose 4*u - 68445 = -66589. What is the greatest common divisor of 1218 and u?
58
Let j be 1125/6 - 2/4. Suppose 3*d = -5*p + 2*d + 169, 5*d = 3*p - 107. Suppose -w - p = -3*w. Calculate the greatest common divisor of w and j.
17
Suppose 0 = -5*o, 371*o - 376*o - 172 = -5*p + p. Calculate the highest common divisor of 2107 and p.
43
Suppose 5726*j = 5732*j - 3648. What is the highest common divisor of j and 228?
76
Let i = -150 - -101. Let a = -42 - i. Calculate the highest common divisor of a and 4.
1
Let i = 10656 + -6613. What is the greatest common divisor of i and 13?
13
Let f = 3420 - 3406. Let p = -305 - -683. What is the highest common divisor of f and p?
14
Let y = -116 - -164. Suppose 0 = -w - 2*w + 54. Suppose 138 = m + w. What is the highest common divisor of y and m?
24
Let f(z) = z**3 - 12*z**2 - 23*z - 67. Let y be f(14). Calculate the greatest common factor of y and 393.
3
Let c(z) = -23*z + 53. Let p be c(-13). Suppose 5*k - p = -11*k. What is the greatest common divisor of 682 and k?
22
Suppose 4*n - 3*y - 1866 - 7537 = 0, n - 2347 = -3*y. Calculate the greatest common factor of 94 and n.
94
Let c(i) = -359*i + 769. Let g be c(-14). What is the highest common factor of g and 95?
95
Let q = 1374 + -744. Suppose q = -z + 715. Calculate the greatest common factor of z and 68.
17
Let a = 266 - 264. Let r be (6 - a) + 426 - -2. Calculate the greatest common factor of 81 and r.
27
Suppose -419 = -770*b + 692*b + 5431. Calculate the highest common factor of b and 870.
15
Let s be -2 - 2 - -2 - (-22 - (-36 + 18)). Calculate the highest common divisor of s and 1011.
1
Suppose -27 = -10*n + 9*n + 5*z, 5*n + 4*z - 106 = 0. Calculate the highest common factor of 561 and n.
11
Let q = 41 - 99. Let g = q - -94. Calculate the greatest common factor of 396 and g.
36
Let a be ((-6)/(-7))/(2197/1092 - 2). Suppose -22*m - a = -26*m. What is the greatest common divisor of m and 114?
6
Suppose 0 = 186951*k - 186872*k - 4740. Let m(v) = 10*v**3 + 2*v**2 + 5*v - 3. Let p be m(3). What is the greatest common divisor of p and k?
60
Let x(h) = h**3 - 9*h**2 + 10*h + 11. Let k be x(8). Suppose -i - 19 - k = 0. Let d = i + 88. Calculate the highest common divisor of d and 14.
14
Let i be